{"id":16,"date":"2023-11-17T12:40:45","date_gmt":"2023-11-17T11:40:45","guid":{"rendered":"https:\/\/szpitalwlasku.home.pl\/autoinstalator\/wordpressplugins1\/?page_id=16"},"modified":"2023-11-20T14:22:31","modified_gmt":"2023-11-20T13:22:31","slug":"nasze-projekty","status":"publish","type":"page","link":"https:\/\/fundacjaprosaluteomnium.pl\/index.php\/nasze-projekty\/","title":{"rendered":"NASZE PROJEKTY"},"content":{"rendered":"\n<p>Nasza Fundacja realizuje swoje cele statutowe poprzez:<\/p>\n\n\n\n<p>a) wyposa\u017cenia specjalistycznych plac\u00f3wek w sprz\u0119t medycznych,<\/p>\n\n\n\n<p>b)  organizowanie akcji prozdrowotnych,<\/p>\n\n\n\n<p>c)  udzielanie pomocy finansowej i rzeczowej osobom potrzebuj\u0105cym,<\/p>\n\n\n\n<p>d) prowadzenie dzia\u0142a\u0144 maj\u0105cych na celu promocj\u0119 zdrowia,<\/p>\n\n\n\n<p>e) pomoc osobom niepe\u0142nosprawnym, o niskim statucie materialnym,<\/p>\n\n\n\n<p>f) wspomaganie edukacji,<\/p>\n\n\n\n<p>g) rozw\u00f3j kultury,<\/p>\n\n\n\n<p>h)  organizowanie podarunk\u00f3w dla dzieci z biedniejszych rodzin<\/p>\n\n\n\n<p>i) wspieranie kultu religijnego.<\/p>\n\n\n\n<p class=\"has-text-align-left\"><strong>Wi\u0119cej informacji w poszczeg\u00f3lnych zak\u0142adkach.<\/strong><\/p>\n\n\n<div class=\"wp-block-image\">\n<figure class=\"aligncenter size-full\"><img fetchpriority=\"high\" decoding=\"async\" width=\"1920\" height=\"810\" src=\"http:\/\/fundacjaprosaluteomnium.pl\/wp-content\/uploads\/2023\/11\/1920x810.jpg\" alt=\"\" class=\"wp-image-226\" srcset=\"https:\/\/fundacjaprosaluteomnium.pl\/wp-content\/uploads\/2023\/11\/1920x810.jpg 1920w, https:\/\/fundacjaprosaluteomnium.pl\/wp-content\/uploads\/2023\/11\/1920x810-300x127.jpg 300w, https:\/\/fundacjaprosaluteomnium.pl\/wp-content\/uploads\/2023\/11\/1920x810-1024x432.jpg 1024w, https:\/\/fundacjaprosaluteomnium.pl\/wp-content\/uploads\/2023\/11\/1920x810-768x324.jpg 768w, https:\/\/fundacjaprosaluteomnium.pl\/wp-content\/uploads\/2023\/11\/1920x810-1536x648.jpg 1536w\" sizes=\"(max-width: 1920px) 100vw, 1920px\" \/><\/figure>\n<\/div>","protected":false},"excerpt":{"rendered":"<p>Nasza Fundacja realizuje swoje cele statutowe poprzez: a) wyposa\u017cenia specjalistycznych plac\u00f3wek w sprz\u0119t medycznych, b) organizowanie akcji prozdrowotnych, c) udzielanie pomocy finansowej i rzeczowej osobom potrzebuj\u0105cym, d) prowadzenie dzia\u0142a\u0144 maj\u0105cych na celu promocj\u0119 zdrowia, e) pomoc osobom niepe\u0142nosprawnym, o niskim statucie materialnym, f) wspomaganie edukacji, g) rozw\u00f3j kultury, h) organizowanie podarunk\u00f3w dla dzieci z biedniejszych [&hellip;]<\/p>\n","protected":false},"author":1,"featured_media":0,"parent":0,"menu_order":0,"comment_status":"closed","ping_status":"closed","template":"","meta":{"footnotes":""},"class_list":["post-16","page","type-page","status-publish","hentry"],"yoast_head":"<!-- This site is optimized with the Yoast SEO plugin v27.3 - https:\/\/yoast.com\/product\/yoast-seo-wordpress\/ -->\n<title>NASZE PROJEKTY - Fundacja Pro Salute Omnium<\/title>\n<meta name=\"robots\" content=\"index, follow, max-snippet:-1, max-image-preview:large, max-video-preview:-1\" \/>\n<link rel=\"canonical\" href=\"https:\/\/fundacjaprosaluteomnium.pl\/index.php\/nasze-projekty\/\" \/>\n<meta property=\"og:locale\" content=\"pl_PL\" \/>\n<meta property=\"og:type\" content=\"article\" \/>\n<meta property=\"og:title\" content=\"NASZE PROJEKTY - Fundacja Pro Salute Omnium\" \/>\n<meta property=\"og:description\" content=\"Nasza Fundacja realizuje swoje cele statutowe poprzez: a) wyposa\u017cenia specjalistycznych plac\u00f3wek w sprz\u0119t medycznych, b) organizowanie akcji prozdrowotnych, c) udzielanie pomocy finansowej i rzeczowej osobom potrzebuj\u0105cym, d) prowadzenie dzia\u0142a\u0144 maj\u0105cych na celu promocj\u0119 zdrowia, e) pomoc osobom niepe\u0142nosprawnym, o niskim statucie materialnym, f) wspomaganie edukacji, g) rozw\u00f3j kultury, h) organizowanie podarunk\u00f3w dla dzieci z biedniejszych [&hellip;]\" \/>\n<meta property=\"og:url\" content=\"https:\/\/fundacjaprosaluteomnium.pl\/index.php\/nasze-projekty\/\" \/>\n<meta property=\"og:site_name\" content=\"Fundacja Pro Salute Omnium\" \/>\n<meta property=\"article:modified_time\" content=\"2023-11-20T13:22:31+00:00\" \/>\n<meta property=\"og:image\" content=\"http:\/\/fundacjaprosaluteomnium.pl\/wp-content\/uploads\/2023\/11\/1920x810.jpg\" \/>\n<meta name=\"twitter:card\" content=\"summary_large_image\" \/>\n<meta name=\"twitter:label1\" content=\"Szacowany czas czytania\" \/>\n\t<meta name=\"twitter:data1\" content=\"1 minuta\" \/>\n<script type=\"application\/ld+json\" class=\"yoast-schema-graph\">{\"@context\":\"https:\\\/\\\/schema.org\",\"@graph\":[{\"@type\":\"WebPage\",\"@id\":\"https:\\\/\\\/fundacjaprosaluteomnium.pl\\\/index.php\\\/nasze-projekty\\\/\",\"url\":\"https:\\\/\\\/fundacjaprosaluteomnium.pl\\\/index.php\\\/nasze-projekty\\\/\",\"name\":\"NASZE PROJEKTY - Fundacja Pro Salute Omnium\",\"isPartOf\":{\"@id\":\"https:\\\/\\\/fundacjaprosaluteomnium.pl\\\/#website\"},\"primaryImageOfPage\":{\"@id\":\"https:\\\/\\\/fundacjaprosaluteomnium.pl\\\/index.php\\\/nasze-projekty\\\/#primaryimage\"},\"image\":{\"@id\":\"https:\\\/\\\/fundacjaprosaluteomnium.pl\\\/index.php\\\/nasze-projekty\\\/#primaryimage\"},\"thumbnailUrl\":\"http:\\\/\\\/fundacjaprosaluteomnium.pl\\\/wp-content\\\/uploads\\\/2023\\\/11\\\/1920x810.jpg\",\"datePublished\":\"2023-11-17T11:40:45+00:00\",\"dateModified\":\"2023-11-20T13:22:31+00:00\",\"breadcrumb\":{\"@id\":\"https:\\\/\\\/fundacjaprosaluteomnium.pl\\\/index.php\\\/nasze-projekty\\\/#breadcrumb\"},\"inLanguage\":\"pl-PL\",\"potentialAction\":[{\"@type\":\"ReadAction\",\"target\":[\"https:\\\/\\\/fundacjaprosaluteomnium.pl\\\/index.php\\\/nasze-projekty\\\/\"]}]},{\"@type\":\"ImageObject\",\"inLanguage\":\"pl-PL\",\"@id\":\"https:\\\/\\\/fundacjaprosaluteomnium.pl\\\/index.php\\\/nasze-projekty\\\/#primaryimage\",\"url\":\"https:\\\/\\\/fundacjaprosaluteomnium.pl\\\/wp-content\\\/uploads\\\/2023\\\/11\\\/1920x810.jpg\",\"contentUrl\":\"https:\\\/\\\/fundacjaprosaluteomnium.pl\\\/wp-content\\\/uploads\\\/2023\\\/11\\\/1920x810.jpg\",\"width\":1920,\"height\":810},{\"@type\":\"BreadcrumbList\",\"@id\":\"https:\\\/\\\/fundacjaprosaluteomnium.pl\\\/index.php\\\/nasze-projekty\\\/#breadcrumb\",\"itemListElement\":[{\"@type\":\"ListItem\",\"position\":1,\"name\":\"Home\",\"item\":\"https:\\\/\\\/fundacjaprosaluteomnium.pl\\\/\"},{\"@type\":\"ListItem\",\"position\":2,\"name\":\"NASZE PROJEKTY\"}]},{\"@type\":\"WebSite\",\"@id\":\"https:\\\/\\\/fundacjaprosaluteomnium.pl\\\/#website\",\"url\":\"https:\\\/\\\/fundacjaprosaluteomnium.pl\\\/\",\"name\":\"Fundacja Pro Salute Omnium\",\"description\":\"\",\"publisher\":{\"@id\":\"https:\\\/\\\/fundacjaprosaluteomnium.pl\\\/#organization\"},\"potentialAction\":[{\"@type\":\"SearchAction\",\"target\":{\"@type\":\"EntryPoint\",\"urlTemplate\":\"https:\\\/\\\/fundacjaprosaluteomnium.pl\\\/?s={search_term_string}\"},\"query-input\":{\"@type\":\"PropertyValueSpecification\",\"valueRequired\":true,\"valueName\":\"search_term_string\"}}],\"inLanguage\":\"pl-PL\"},{\"@type\":\"Organization\",\"@id\":\"https:\\\/\\\/fundacjaprosaluteomnium.pl\\\/#organization\",\"name\":\"Fundacja Pro Salute Omnium\",\"url\":\"https:\\\/\\\/fundacjaprosaluteomnium.pl\\\/\",\"logo\":{\"@type\":\"ImageObject\",\"inLanguage\":\"pl-PL\",\"@id\":\"https:\\\/\\\/fundacjaprosaluteomnium.pl\\\/#\\\/schema\\\/logo\\\/image\\\/\",\"url\":\"https:\\\/\\\/fundacjaprosaluteomnium.pl\\\/wp-content\\\/uploads\\\/2023\\\/11\\\/LOG180x180-1.png\",\"contentUrl\":\"https:\\\/\\\/fundacjaprosaluteomnium.pl\\\/wp-content\\\/uploads\\\/2023\\\/11\\\/LOG180x180-1.png\",\"width\":180,\"height\":180,\"caption\":\"Fundacja Pro Salute Omnium\"},\"image\":{\"@id\":\"https:\\\/\\\/fundacjaprosaluteomnium.pl\\\/#\\\/schema\\\/logo\\\/image\\\/\"}}]}<\/script>\n<!-- \/ Yoast SEO plugin. -->","yoast_head_json":{"title":"NASZE PROJEKTY - Fundacja Pro Salute Omnium","robots":{"index":"index","follow":"follow","max-snippet":"max-snippet:-1","max-image-preview":"max-image-preview:large","max-video-preview":"max-video-preview:-1"},"canonical":"https:\/\/fundacjaprosaluteomnium.pl\/index.php\/nasze-projekty\/","og_locale":"pl_PL","og_type":"article","og_title":"NASZE PROJEKTY - Fundacja Pro Salute Omnium","og_description":"Nasza Fundacja realizuje swoje cele statutowe poprzez: a) wyposa\u017cenia specjalistycznych plac\u00f3wek w sprz\u0119t medycznych, b) organizowanie akcji prozdrowotnych, c) udzielanie pomocy finansowej i rzeczowej osobom potrzebuj\u0105cym, d) prowadzenie dzia\u0142a\u0144 maj\u0105cych na celu promocj\u0119 zdrowia, e) pomoc osobom niepe\u0142nosprawnym, o niskim statucie materialnym, f) wspomaganie edukacji, g) rozw\u00f3j kultury, h) organizowanie podarunk\u00f3w dla dzieci z biedniejszych [&hellip;]","og_url":"https:\/\/fundacjaprosaluteomnium.pl\/index.php\/nasze-projekty\/","og_site_name":"Fundacja Pro Salute Omnium","article_modified_time":"2023-11-20T13:22:31+00:00","og_image":[{"url":"http:\/\/fundacjaprosaluteomnium.pl\/wp-content\/uploads\/2023\/11\/1920x810.jpg","type":"","width":"","height":""}],"twitter_card":"summary_large_image","twitter_misc":{"Szacowany czas czytania":"1 minuta"},"schema":{"@context":"https:\/\/schema.org","@graph":[{"@type":"WebPage","@id":"https:\/\/fundacjaprosaluteomnium.pl\/index.php\/nasze-projekty\/","url":"https:\/\/fundacjaprosaluteomnium.pl\/index.php\/nasze-projekty\/","name":"NASZE PROJEKTY - Fundacja Pro Salute Omnium","isPartOf":{"@id":"https:\/\/fundacjaprosaluteomnium.pl\/#website"},"primaryImageOfPage":{"@id":"https:\/\/fundacjaprosaluteomnium.pl\/index.php\/nasze-projekty\/#primaryimage"},"image":{"@id":"https:\/\/fundacjaprosaluteomnium.pl\/index.php\/nasze-projekty\/#primaryimage"},"thumbnailUrl":"http:\/\/fundacjaprosaluteomnium.pl\/wp-content\/uploads\/2023\/11\/1920x810.jpg","datePublished":"2023-11-17T11:40:45+00:00","dateModified":"2023-11-20T13:22:31+00:00","breadcrumb":{"@id":"https:\/\/fundacjaprosaluteomnium.pl\/index.php\/nasze-projekty\/#breadcrumb"},"inLanguage":"pl-PL","potentialAction":[{"@type":"ReadAction","target":["https:\/\/fundacjaprosaluteomnium.pl\/index.php\/nasze-projekty\/"]}]},{"@type":"ImageObject","inLanguage":"pl-PL","@id":"https:\/\/fundacjaprosaluteomnium.pl\/index.php\/nasze-projekty\/#primaryimage","url":"https:\/\/fundacjaprosaluteomnium.pl\/wp-content\/uploads\/2023\/11\/1920x810.jpg","contentUrl":"https:\/\/fundacjaprosaluteomnium.pl\/wp-content\/uploads\/2023\/11\/1920x810.jpg","width":1920,"height":810},{"@type":"BreadcrumbList","@id":"https:\/\/fundacjaprosaluteomnium.pl\/index.php\/nasze-projekty\/#breadcrumb","itemListElement":[{"@type":"ListItem","position":1,"name":"Home","item":"https:\/\/fundacjaprosaluteomnium.pl\/"},{"@type":"ListItem","position":2,"name":"NASZE PROJEKTY"}]},{"@type":"WebSite","@id":"https:\/\/fundacjaprosaluteomnium.pl\/#website","url":"https:\/\/fundacjaprosaluteomnium.pl\/","name":"Fundacja Pro Salute Omnium","description":"","publisher":{"@id":"https:\/\/fundacjaprosaluteomnium.pl\/#organization"},"potentialAction":[{"@type":"SearchAction","target":{"@type":"EntryPoint","urlTemplate":"https:\/\/fundacjaprosaluteomnium.pl\/?s={search_term_string}"},"query-input":{"@type":"PropertyValueSpecification","valueRequired":true,"valueName":"search_term_string"}}],"inLanguage":"pl-PL"},{"@type":"Organization","@id":"https:\/\/fundacjaprosaluteomnium.pl\/#organization","name":"Fundacja Pro Salute Omnium","url":"https:\/\/fundacjaprosaluteomnium.pl\/","logo":{"@type":"ImageObject","inLanguage":"pl-PL","@id":"https:\/\/fundacjaprosaluteomnium.pl\/#\/schema\/logo\/image\/","url":"https:\/\/fundacjaprosaluteomnium.pl\/wp-content\/uploads\/2023\/11\/LOG180x180-1.png","contentUrl":"https:\/\/fundacjaprosaluteomnium.pl\/wp-content\/uploads\/2023\/11\/LOG180x180-1.png","width":180,"height":180,"caption":"Fundacja Pro Salute Omnium"},"image":{"@id":"https:\/\/fundacjaprosaluteomnium.pl\/#\/schema\/logo\/image\/"}}]}},"_links":{"self":[{"href":"https:\/\/fundacjaprosaluteomnium.pl\/index.php\/wp-json\/wp\/v2\/pages\/16","targetHints":{"allow":["GET"]}}],"collection":[{"href":"https:\/\/fundacjaprosaluteomnium.pl\/index.php\/wp-json\/wp\/v2\/pages"}],"about":[{"href":"https:\/\/fundacjaprosaluteomnium.pl\/index.php\/wp-json\/wp\/v2\/types\/page"}],"author":[{"embeddable":true,"href":"https:\/\/fundacjaprosaluteomnium.pl\/index.php\/wp-json\/wp\/v2\/users\/1"}],"replies":[{"embeddable":true,"href":"https:\/\/fundacjaprosaluteomnium.pl\/index.php\/wp-json\/wp\/v2\/comments?post=16"}],"version-history":[{"count":5,"href":"https:\/\/fundacjaprosaluteomnium.pl\/index.php\/wp-json\/wp\/v2\/pages\/16\/revisions"}],"predecessor-version":[{"id":229,"href":"https:\/\/fundacjaprosaluteomnium.pl\/index.php\/wp-json\/wp\/v2\/pages\/16\/revisions\/229"}],"wp:attachment":[{"href":"https:\/\/fundacjaprosaluteomnium.pl\/index.php\/wp-json\/wp\/v2\/media?parent=16"}],"curies":[{"name":"wp","href":"https:\/\/api.w.org\/{rel}","templated":true}]}}