{"id":18,"date":"2023-11-17T12:41:34","date_gmt":"2023-11-17T11:41:34","guid":{"rendered":"https:\/\/szpitalwlasku.home.pl\/autoinstalator\/wordpressplugins1\/?page_id=18"},"modified":"2023-11-20T10:45:17","modified_gmt":"2023-11-20T09:45:17","slug":"wesprzyj-nas","status":"publish","type":"page","link":"https:\/\/fundacjaprosaluteomnium.pl\/index.php\/wesprzyj-nas\/","title":{"rendered":"WESPRZYJ NAS"},"content":{"rendered":"\n<p>Przekazuj\u0105c darowizn\u0119 na rzecz Fundacji Pro Salute Omnium pomagasz rozwija\u0107 nasze dzia\u0142ania statutowe.<\/p>\n\n\n\n<p><strong>Wsparcia mo\u017cna udzieli\u0107 poprzez przelew na poni\u017cszy numer konta:<\/strong><\/p>\n\n\n\n<p><strong>nazwa odbiorcy:<\/strong> Fundacja Pro Salute Omnium z siedzib\u0105 przy ul. Bohater\u00f3w Monte Cassino 20 \/ 1, 40-231 Katowice<strong><br>nr rachunku:<\/strong> mBank <strong>13 1140 1078 0000 3390 8700 1001<\/strong><\/p>\n\n\n\n<p>W tytule przelewu prosimy poda\u0107 <strong><em>\u201cDarowizna na cele statutowe FUNDACJI PRO SALUTE OMNIUM\u201d<\/em><\/strong><\/p>\n\n\n\n<p>Dzi\u0119kujemy za ka\u017cd\u0105 darowizn\u0119! Twoja pomoc ma moc!<\/p>\n\n\n\n<figure class=\"wp-block-gallery has-nested-images columns-default is-cropped wp-block-gallery-1 is-layout-flex wp-block-gallery-is-layout-flex\"><div class=\"wp-block-image\">\n<figure class=\"aligncenter size-large\"><img fetchpriority=\"high\" decoding=\"async\" width=\"1024\" height=\"577\" data-id=\"185\" src=\"https:\/\/szpitalwlasku.home.pl\/autoinstalator\/wordpressplugins1\/wp-content\/uploads\/2023\/11\/Medical-Poster-30\u00d720-cm-25\u00d75-cm-Facebook-Cover-9-1024x577.png\" alt=\"\" class=\"wp-image-185\" srcset=\"https:\/\/fundacjaprosaluteomnium.pl\/wp-content\/uploads\/2023\/11\/Medical-Poster-30\u00d720-cm-25\u00d75-cm-Facebook-Cover-9-1024x577.png 1024w, https:\/\/fundacjaprosaluteomnium.pl\/wp-content\/uploads\/2023\/11\/Medical-Poster-30\u00d720-cm-25\u00d75-cm-Facebook-Cover-9-300x169.png 300w, https:\/\/fundacjaprosaluteomnium.pl\/wp-content\/uploads\/2023\/11\/Medical-Poster-30\u00d720-cm-25\u00d75-cm-Facebook-Cover-9-768x433.png 768w, https:\/\/fundacjaprosaluteomnium.pl\/wp-content\/uploads\/2023\/11\/Medical-Poster-30\u00d720-cm-25\u00d75-cm-Facebook-Cover-9-1536x866.png 1536w, https:\/\/fundacjaprosaluteomnium.pl\/wp-content\/uploads\/2023\/11\/Medical-Poster-30\u00d720-cm-25\u00d75-cm-Facebook-Cover-9-2048x1154.png 2048w\" sizes=\"(max-width: 1024px) 100vw, 1024px\" \/><\/figure>\n<\/div><\/figure>\n","protected":false},"excerpt":{"rendered":"<p>Przekazuj\u0105c darowizn\u0119 na rzecz Fundacji Pro Salute Omnium pomagasz rozwija\u0107 nasze dzia\u0142ania statutowe. Wsparcia mo\u017cna udzieli\u0107 poprzez przelew na poni\u017cszy numer konta: nazwa odbiorcy: Fundacja Pro Salute Omnium z siedzib\u0105 przy ul. Bohater\u00f3w Monte Cassino 20 \/ 1, 40-231 Katowicenr rachunku: mBank 13 1140 1078 0000 3390 8700 1001 W tytule przelewu prosimy poda\u0107 \u201cDarowizna [&hellip;]<\/p>\n","protected":false},"author":1,"featured_media":0,"parent":0,"menu_order":0,"comment_status":"closed","ping_status":"closed","template":"","meta":{"footnotes":""},"class_list":["post-18","page","type-page","status-publish","hentry"],"yoast_head":"<!-- This site is optimized with the Yoast SEO plugin v27.3 - https:\/\/yoast.com\/product\/yoast-seo-wordpress\/ -->\n<title>WESPRZYJ NAS - Fundacja Pro Salute Omnium<\/title>\n<meta name=\"robots\" content=\"index, follow, max-snippet:-1, max-image-preview:large, max-video-preview:-1\" \/>\n<link rel=\"canonical\" href=\"https:\/\/fundacjaprosaluteomnium.pl\/index.php\/wesprzyj-nas\/\" \/>\n<meta property=\"og:locale\" content=\"pl_PL\" \/>\n<meta property=\"og:type\" content=\"article\" \/>\n<meta property=\"og:title\" content=\"WESPRZYJ NAS - Fundacja Pro Salute Omnium\" \/>\n<meta property=\"og:description\" content=\"Przekazuj\u0105c darowizn\u0119 na rzecz Fundacji Pro Salute Omnium pomagasz rozwija\u0107 nasze dzia\u0142ania statutowe. Wsparcia mo\u017cna udzieli\u0107 poprzez przelew na poni\u017cszy numer konta: nazwa odbiorcy: Fundacja Pro Salute Omnium z siedzib\u0105 przy ul. Bohater\u00f3w Monte Cassino 20 \/ 1, 40-231 Katowicenr rachunku: mBank 13 1140 1078 0000 3390 8700 1001 W tytule przelewu prosimy poda\u0107 \u201cDarowizna [&hellip;]\" \/>\n<meta property=\"og:url\" content=\"https:\/\/fundacjaprosaluteomnium.pl\/index.php\/wesprzyj-nas\/\" \/>\n<meta property=\"og:site_name\" content=\"Fundacja Pro Salute Omnium\" \/>\n<meta property=\"article:modified_time\" content=\"2023-11-20T09:45:17+00:00\" \/>\n<meta name=\"twitter:card\" content=\"summary_large_image\" \/>\n<meta name=\"twitter:label1\" content=\"Szacowany czas czytania\" \/>\n\t<meta name=\"twitter:data1\" content=\"1 minuta\" \/>\n<script type=\"application\/ld+json\" class=\"yoast-schema-graph\">{\"@context\":\"https:\\\/\\\/schema.org\",\"@graph\":[{\"@type\":\"WebPage\",\"@id\":\"https:\\\/\\\/fundacjaprosaluteomnium.pl\\\/index.php\\\/wesprzyj-nas\\\/\",\"url\":\"https:\\\/\\\/fundacjaprosaluteomnium.pl\\\/index.php\\\/wesprzyj-nas\\\/\",\"name\":\"WESPRZYJ NAS - Fundacja Pro Salute Omnium\",\"isPartOf\":{\"@id\":\"https:\\\/\\\/fundacjaprosaluteomnium.pl\\\/#website\"},\"datePublished\":\"2023-11-17T11:41:34+00:00\",\"dateModified\":\"2023-11-20T09:45:17+00:00\",\"breadcrumb\":{\"@id\":\"https:\\\/\\\/fundacjaprosaluteomnium.pl\\\/index.php\\\/wesprzyj-nas\\\/#breadcrumb\"},\"inLanguage\":\"pl-PL\",\"potentialAction\":[{\"@type\":\"ReadAction\",\"target\":[\"https:\\\/\\\/fundacjaprosaluteomnium.pl\\\/index.php\\\/wesprzyj-nas\\\/\"]}]},{\"@type\":\"BreadcrumbList\",\"@id\":\"https:\\\/\\\/fundacjaprosaluteomnium.pl\\\/index.php\\\/wesprzyj-nas\\\/#breadcrumb\",\"itemListElement\":[{\"@type\":\"ListItem\",\"position\":1,\"name\":\"Home\",\"item\":\"https:\\\/\\\/fundacjaprosaluteomnium.pl\\\/\"},{\"@type\":\"ListItem\",\"position\":2,\"name\":\"WESPRZYJ NAS\"}]},{\"@type\":\"WebSite\",\"@id\":\"https:\\\/\\\/fundacjaprosaluteomnium.pl\\\/#website\",\"url\":\"https:\\\/\\\/fundacjaprosaluteomnium.pl\\\/\",\"name\":\"Fundacja Pro Salute Omnium\",\"description\":\"\",\"publisher\":{\"@id\":\"https:\\\/\\\/fundacjaprosaluteomnium.pl\\\/#organization\"},\"potentialAction\":[{\"@type\":\"SearchAction\",\"target\":{\"@type\":\"EntryPoint\",\"urlTemplate\":\"https:\\\/\\\/fundacjaprosaluteomnium.pl\\\/?s={search_term_string}\"},\"query-input\":{\"@type\":\"PropertyValueSpecification\",\"valueRequired\":true,\"valueName\":\"search_term_string\"}}],\"inLanguage\":\"pl-PL\"},{\"@type\":\"Organization\",\"@id\":\"https:\\\/\\\/fundacjaprosaluteomnium.pl\\\/#organization\",\"name\":\"Fundacja Pro Salute Omnium\",\"url\":\"https:\\\/\\\/fundacjaprosaluteomnium.pl\\\/\",\"logo\":{\"@type\":\"ImageObject\",\"inLanguage\":\"pl-PL\",\"@id\":\"https:\\\/\\\/fundacjaprosaluteomnium.pl\\\/#\\\/schema\\\/logo\\\/image\\\/\",\"url\":\"https:\\\/\\\/fundacjaprosaluteomnium.pl\\\/wp-content\\\/uploads\\\/2023\\\/11\\\/LOG180x180-1.png\",\"contentUrl\":\"https:\\\/\\\/fundacjaprosaluteomnium.pl\\\/wp-content\\\/uploads\\\/2023\\\/11\\\/LOG180x180-1.png\",\"width\":180,\"height\":180,\"caption\":\"Fundacja Pro Salute Omnium\"},\"image\":{\"@id\":\"https:\\\/\\\/fundacjaprosaluteomnium.pl\\\/#\\\/schema\\\/logo\\\/image\\\/\"}}]}<\/script>\n<!-- \/ Yoast SEO plugin. -->","yoast_head_json":{"title":"WESPRZYJ NAS - Fundacja Pro Salute Omnium","robots":{"index":"index","follow":"follow","max-snippet":"max-snippet:-1","max-image-preview":"max-image-preview:large","max-video-preview":"max-video-preview:-1"},"canonical":"https:\/\/fundacjaprosaluteomnium.pl\/index.php\/wesprzyj-nas\/","og_locale":"pl_PL","og_type":"article","og_title":"WESPRZYJ NAS - Fundacja Pro Salute Omnium","og_description":"Przekazuj\u0105c darowizn\u0119 na rzecz Fundacji Pro Salute Omnium pomagasz rozwija\u0107 nasze dzia\u0142ania statutowe. Wsparcia mo\u017cna udzieli\u0107 poprzez przelew na poni\u017cszy numer konta: nazwa odbiorcy: Fundacja Pro Salute Omnium z siedzib\u0105 przy ul. Bohater\u00f3w Monte Cassino 20 \/ 1, 40-231 Katowicenr rachunku: mBank 13 1140 1078 0000 3390 8700 1001 W tytule przelewu prosimy poda\u0107 \u201cDarowizna [&hellip;]","og_url":"https:\/\/fundacjaprosaluteomnium.pl\/index.php\/wesprzyj-nas\/","og_site_name":"Fundacja Pro Salute Omnium","article_modified_time":"2023-11-20T09:45:17+00:00","twitter_card":"summary_large_image","twitter_misc":{"Szacowany czas czytania":"1 minuta"},"schema":{"@context":"https:\/\/schema.org","@graph":[{"@type":"WebPage","@id":"https:\/\/fundacjaprosaluteomnium.pl\/index.php\/wesprzyj-nas\/","url":"https:\/\/fundacjaprosaluteomnium.pl\/index.php\/wesprzyj-nas\/","name":"WESPRZYJ NAS - Fundacja Pro Salute Omnium","isPartOf":{"@id":"https:\/\/fundacjaprosaluteomnium.pl\/#website"},"datePublished":"2023-11-17T11:41:34+00:00","dateModified":"2023-11-20T09:45:17+00:00","breadcrumb":{"@id":"https:\/\/fundacjaprosaluteomnium.pl\/index.php\/wesprzyj-nas\/#breadcrumb"},"inLanguage":"pl-PL","potentialAction":[{"@type":"ReadAction","target":["https:\/\/fundacjaprosaluteomnium.pl\/index.php\/wesprzyj-nas\/"]}]},{"@type":"BreadcrumbList","@id":"https:\/\/fundacjaprosaluteomnium.pl\/index.php\/wesprzyj-nas\/#breadcrumb","itemListElement":[{"@type":"ListItem","position":1,"name":"Home","item":"https:\/\/fundacjaprosaluteomnium.pl\/"},{"@type":"ListItem","position":2,"name":"WESPRZYJ NAS"}]},{"@type":"WebSite","@id":"https:\/\/fundacjaprosaluteomnium.pl\/#website","url":"https:\/\/fundacjaprosaluteomnium.pl\/","name":"Fundacja Pro Salute Omnium","description":"","publisher":{"@id":"https:\/\/fundacjaprosaluteomnium.pl\/#organization"},"potentialAction":[{"@type":"SearchAction","target":{"@type":"EntryPoint","urlTemplate":"https:\/\/fundacjaprosaluteomnium.pl\/?s={search_term_string}"},"query-input":{"@type":"PropertyValueSpecification","valueRequired":true,"valueName":"search_term_string"}}],"inLanguage":"pl-PL"},{"@type":"Organization","@id":"https:\/\/fundacjaprosaluteomnium.pl\/#organization","name":"Fundacja Pro Salute Omnium","url":"https:\/\/fundacjaprosaluteomnium.pl\/","logo":{"@type":"ImageObject","inLanguage":"pl-PL","@id":"https:\/\/fundacjaprosaluteomnium.pl\/#\/schema\/logo\/image\/","url":"https:\/\/fundacjaprosaluteomnium.pl\/wp-content\/uploads\/2023\/11\/LOG180x180-1.png","contentUrl":"https:\/\/fundacjaprosaluteomnium.pl\/wp-content\/uploads\/2023\/11\/LOG180x180-1.png","width":180,"height":180,"caption":"Fundacja Pro Salute Omnium"},"image":{"@id":"https:\/\/fundacjaprosaluteomnium.pl\/#\/schema\/logo\/image\/"}}]}},"_links":{"self":[{"href":"https:\/\/fundacjaprosaluteomnium.pl\/index.php\/wp-json\/wp\/v2\/pages\/18","targetHints":{"allow":["GET"]}}],"collection":[{"href":"https:\/\/fundacjaprosaluteomnium.pl\/index.php\/wp-json\/wp\/v2\/pages"}],"about":[{"href":"https:\/\/fundacjaprosaluteomnium.pl\/index.php\/wp-json\/wp\/v2\/types\/page"}],"author":[{"embeddable":true,"href":"https:\/\/fundacjaprosaluteomnium.pl\/index.php\/wp-json\/wp\/v2\/users\/1"}],"replies":[{"embeddable":true,"href":"https:\/\/fundacjaprosaluteomnium.pl\/index.php\/wp-json\/wp\/v2\/comments?post=18"}],"version-history":[{"count":7,"href":"https:\/\/fundacjaprosaluteomnium.pl\/index.php\/wp-json\/wp\/v2\/pages\/18\/revisions"}],"predecessor-version":[{"id":210,"href":"https:\/\/fundacjaprosaluteomnium.pl\/index.php\/wp-json\/wp\/v2\/pages\/18\/revisions\/210"}],"wp:attachment":[{"href":"https:\/\/fundacjaprosaluteomnium.pl\/index.php\/wp-json\/wp\/v2\/media?parent=18"}],"curies":[{"name":"wp","href":"https:\/\/api.w.org\/{rel}","templated":true}]}}